 - z**2 + 8*z - 1. Let q(m) = t*h(m) - 5*s(m). Determine q(2).
9
Let o(p) = 0 + p + 1 - 2. Let m(a) = -3*a**2 + 2*a**2 - a**2 + 3 + 3*a**2 + 3*a. Let i be m(-2). What is o(i)?
0
Let i(b) = 13*b + 1. Let y(r) = -r**2 - 12*r - 6. Let c be y(-11). Suppose c*p = a + 6, -p - 3*a - a = 3. What is i(p)?
14
Let n(s) = -s - 16. Let k be n(-8). Let i be (-60)/(-16) - 2/k. Let d(h) be the first derivative of -h**2/2 - 3*h - 1. Determine d(i).
-7
Let p(o) = 3*o**3 - 5*o**2 - 2*o. Let i(a) = -4*a**3 + 7*a**2 + 3*a. Let d = -8 + 13. Let s(g) = d*i(g) + 7*p(g). What is s(1)?
2
Let p(o) be the third derivative of o**4/24 + o**3/2 + 7*o**2. Determine p(0).
3
Let c(l) = -2*l + 3. Suppose -3 + 19 = 2*q. Suppose 36 = -5*d - 3*b, 0 = 5*d - 0*d - 2*b + 26. Let a = q + d. Give c(a).
-1
Suppose -5*x + 2*x = -15. Let p(v) be the first derivative of 0*v + 2*v**3 - 5/2*v**2 - 1/4*v**4 + 1. Calculate p(x).
0
Let o = 13 - 8. Suppose 5*n = 4*h - 26, -h - o = n - 2*h. Let b(m) = m**2 + 6*m + 7. Determine b(n).
7
Let o(y) = y**3 + 11*y**2 + 11*y + 13. Let h be o(-10). Let j(a) = 3*a - 2. What is j(h)?
7
Let i be 92/(-20) + 4/(-10). Let y(m) = -6*m**2 + 2*m**3 - 4*m**3 + 3*m**3 - 4 - 6*m - 2*m**3. Give y(i).
1
Let y(p) = -3*p - 5. Let k(b) = 4*b + 6. Let a(z) = -2*k(z) - 3*y(z). What is a(4)?
7
Let p(w) be the second derivative of 3*w + 0 - 1/12*w**4 + 1/6*w**3 + w**2. Give p(4).
-10
Let j(u) = -u - 3 + u + 2*u + 0. Suppose 3*w = -5*a + 6, 3*a = -0*a + 5*w + 24. Determine j(a).
3
Let c(n) = 3*n - 8 - n + 10. Calculate c(6).
14
Let n(x) = x**3. Let g(s) = -3*s**3 + s. Let c(t) = -g(t) + n(t). Give c(-1).
-3
Let g(p) = p**3 - 6*p**2 + 7*p - 7. Let t be g(5). Suppose 2*r = x - 12, x + 0*r + r = -t. Let u(w) = w**3 - 3*w**2 + 2. What is u(x)?
-2
Let h(b) = b**3 + 0 + 6 - 1 - 2 + b**2. Let u be (2 + -2)*(-1)/1. Determine h(u).
3
Let k(t) = 9*t**3 + t**2 + 2*t + 1. Let w(l) = -l - 15. Let b be -28*((-7)/(-2) - 3). Let n be w(b). Calculate k(n).
-9
Let m be (-3)/9*(-60)/(-4) - -3. Let z(y) = -2*y**3 - 2*y**2 - 3*y - 3. Determine z(m).
11
Suppose m = 2 + 1. Let f(t) = t. Determine f(m).
3
Let k(v) = -12*v - 1. Let t = 24 - 25. Give k(t).
11
Let b(p) = p + 1. Suppose -4 - 1 = 2*r + f, 0 = -3*r - 5*f + 3. What is b(r)?
-3
Let r(a) = 10*a**3 + 9*a**2 - 6. Let l(m) = 3*m**3 + 3*m**2 - 2. Let v(h) = 7*l(h) - 2*r(h). Determine v(-3).
-2
Let k(v) = v**3 - 4*v**2 - 2. Let g = 3 + 1. Give k(g).
-2
Let b(d) = d**2 - d - 6. Let p(z) = -z**3 + 26*z**2 - 48*z. Let n be p(24). Determine b(n).
-6
Let i be (-2)/(-9) + 50/18. Let x(h) be the first derivative of -h**4/4 + h**3 - 3*h**2/2 - h - 2. Give x(i).
-10
Let k(u) = -1 + 4 + u + 0. Let w(p) = p**3 + 4*p**2 - 16*p - 29. Let b be w(-6). Calculate k(b).
-2
Let w(q) = -2*q + 3*q + 20 - 19. Suppose 4 = 2*p - 2. Suppose 6 - 22 = p*j + 2*d, -3*j = -5*d - 19. Give w(j).
-1
Suppose -2*f = -2, -5*f - 6 = 4*i + 1. Let t(l) = 11*l - 3*l**2 - 2*l**2 - 14*l + 4*l**2. What is t(i)?
0
Suppose 3*v = -i - 0*i - 17, 5*i - 11 = v. Let r be ((-3)/(-2))/(v/(-8)). Let z(d) = d - 2. Calculate z(r).
0
Let b(k) = -k**3 - 4*k**2 + 3. Let g(i) = i**3 - 4*i**2 - i + 1. Let x = -6 - -10. Let o be g(x). Determine b(o).
-6
Let c = 0 + 2. Let a be 56/16 - 1/c. Let b(q) = -q**2 + 2*q + 7. Let d(m) = m**2 - 2*m - 8. Let z(t) = 4*b(t) + 3*d(t). Give z(a).
1
Let k(l) = -l**3 - 7*l**2 - 5*l + 7. Let y(m) = -6*m**2 - 5*m - 8. Let h(v) = -v**2 + v - 1. Let q(x) = 5*h(x) - y(x). Let n be q(-9). Give k(n).
1
Let x(t) = -t**3 - 4*t**2 - 7*t - 1. Let s(r) = -r**3 - 4*r**2 - 8*r - 1. Let f(q) = 3*s(q) - 4*x(q). Let h(v) = -v - 6. Let c be h(-3). Determine f(c).
-2
Let a(i) = 5*i + 1. Let f = -29 - -30. Determine a(f).
6
Let q(w) = -w**3 + 3*w**2 - 2*w - 2. Let i(v) = v - 8. Let u be i(7). Let c(o) = o**2 - o. Let k be c(u). What is q(k)?
-2
Let t(d) = 2*d**3 - 5*d**2 - 7*d - 1. Let v(u) = 0*u**2 - 14*u + 2 + 2*u**3 - 10*u**2 - 5 + u**3. Let y(j) = -5*t(j) + 3*v(j). Determine y(-4).
8
Let y(z) be the third derivative of -z**4/12 - z**3/3 + z**2. Let n(l) = l**2 - 2*l - 8. Let d be n(3). Determine y(d).
8
Let q(h) = -2*h. Let u(w) = 5*w. Let k(s) = -7*q(s) - 3*u(s). What is k(0)?
0
Let k(u) = -3*u**3 + 3*u + 2*u**3 + 2 - 4*u**2 + 3*u**2. Calculate k(-3).
11
Let k(z) = z**3 + 5*z**2 - 5*z - 2. Let u(h) = h**3 + 8*h**2 + h + 2. Let i be u(-8). What is k(i)?
-8
Let a(l) = l**3 + 5*l**2 + 2*l - 5. Suppose 0 = 5*p - h - 25, -h + 4*h - 1 = -4*p. Suppose -p*q - q = -4*x - 11, 0 = 4*q + 4. Give a(x).
3
Let k(z) = z**3 - 6*z**2 - 2*z + 9. Let n(u) = u**3 + 13*u**2 + 12*u + 6. Let w be n(-12). What is k(w)?
-3
Let p(v) be the first derivative of -2*v**3/3 + v**2/2 + 2*v - 2. Let q(r) = -2*r**3 - 12*r - 5*r**2 + 17*r**2 + 13 + 2*r**3 - r**3. Let x be q(11). Give p(x).
-4
Let k(m) = m**2 + 7*m + 6. Suppose -5*v = -4*v + 4. Give k(v).
-6
Let k(x) = -3*x + 3. Let n be k(2). Let l(t) = 308*t**2 - 157*t**2 + t**3 - 149*t**2 - 1. Calculate l(n).
-10
Let h(m) = -6*m - 3. Let t(f) = -20*f - 10. Let w(y) = 7*h(y) - 2*t(y). Give w(-5).
9
Let c be (-4)/(-18) + 1/9. Let v(f) be the first derivative of c*f**3 - 3*f - f**2 - 3. Calculate v(-2).
5
Suppose -4*p - 6*s + 12 = -5*s, 2*p = 5*s - 16. Suppose -23 + 4 = p*b + o, -o + 30 = -5*b. Let l(i) = -2*i. Determine l(b).
14
Let w(z) = z**2 + z + 1. Let g be w(-1). Let f(m) = -m - 3. Let l be f(-5). Let k(n) = -l*n - n + n - g. Calculate k(-2).
3
Let g(k) = -k**3 + 3*k**2 + 3*k + 2. Suppose 0*m = m. Suppose m = 3*w - 4*w - 2*h - 9, -6 = 2*w + h. Let c = 3 - w. Give g(c).
-2
Let l(z) = z**2 - 5*z + 2. Suppose -g + 10 = 2*m, 4*g + m = -1 + 20. Calculate l(g).
-2
Let p(j) be the third derivative of -1/8*j**4 + 0*j + 1/6*j**3 + 3*j**2 + 0. What is p(1)?
-2
Let w(s) = -5*s**3 + 9*s**2 - 8*s + 1. Let f(l) = -11*l**3 + 19*l**2 - 17*l + 2. Let h(c) = 6*f(c) - 13*w(c). Give h(-3).
-7
Suppose 4*f + 2*n = 9 - 37, -f + n - 10 = 0. Let g(s) = -s**3 - 7*s**2 + 7*s + 8. Calculate g(f).
16
Let d(h) = -3*h**3 + 6*h**2 - 2. Let m be (-3 + 2)/(2/(-4)). Let s(u) = u**3 - m + u**3 - 6*u**3 + 7*u**2. Let n(g) = -3*d(g) + 2*s(g). Calculate n(3).
-7
Let t(b) = 0*b**2 + 6 + 5*b**2 + b**3 - 5*b**3 - 6*b + 3*b**3. What is t(4)?
-2
Suppose 2*m = 3 - 9. Let r(w) = 5*w + 4. Calculate r(m).
-11
Let w(g) be the second derivative of 3*g + 0 + 1/12*g**4 + 3/2*g**2 - 1/3*g**3. Give w(2).
3
Suppose t + 0*t = 2. Let m(s) = -2*s**2 + 2*s - 3. Let n(x) = -4*x**2 + 4*x - 6. Let f(z) = -7*m(z) + 4*n(z). What is f(t)?
-7
Suppose -2*i = i + 18. Let t(m) = -m. Let l(g) = g. Let j(a) = 6*l(a) + 7*t(a). Calculate j(i).
6
Suppose 9 = x + w, w + w = 3*x - 7. Let t(d) = 3*d + d + 1 - x*d + 7. Determine t(4).
4
Let w(c) be the third derivative of -1/60*c**5 - 1/2*c**3 - c**2 - 1/12*c**4 + 0 + 0*c. Give w(-2).
-3
Let w be (-5)/(-2) - (-3)/6. Suppose -5*b + 4 = -s + 2*s, 5*s + b - 20 = 0. Let v = w - s. Let x(g) = 3*g**3 + g**2 - 1. Determine x(v).
-3
Let o(a) be the third derivative of -a**7/5040 - a**6/180 - a**5/60 + a**2. Let k(j) be the third derivative of o(j). Give k(-2).
-2
Let k(l) = -2*l**3 + 13*l**2 + 3*l + 2. Let q(c) = -c**3 + 7*c**2 + c + 1. Let v(t) = 4*k(t) - 7*q(t). Determine v(4).
5
Let k be ((-24)/(-9))/((-2)/(-3)). Let s(o) = o - 1. Give s(k).
3
Let y be 0 + 2 - (-9)/(-3). Let p(j) = -7*j - 1. Let c be p(y). Let h be (c/(-5))/(15/50). Let i(d) = 2*d + 3. What is i(h)?
-5
Let d(g) = -g**2 + 3*g + 1. Let f be d(4). Let q(s) = 14*s**2 - 38*s**2 - 3*s + 5*s + 25*s**2. What is q(f)?
3
Let o(w) = -9*w - 9. Let c = -6 + 12. Let p(y) = -10*y - 16. Let u(s) = 40*s + 65. Let i(n) = 25*p(n) + 6*u(n). Let a(b) = c*i(b) - 7*o(b). Calculate a(-2).
-3
Let p(m) = -m + 2. Let l = -12 - -12. Calculate p(l).
2
Suppose 0 = -3*j + 8*j - 10. Let a be (8/10)/(j/(-10)). Let m(t) = -38 + 40 + t**2 + t**2 - t**2 + 4*t. Calculate m(a).
2
Let l(p) = p - 272 - 2*p**2 + 280 + p**2. What is l(0)?
8
Let q(k) be the first derivative of 0*k**4 - 1/2*k**2 + 0*k**3 + k - 1/20*k**5 + 2. Let p(h) be the first derivative of q(h). Determine p(0).
-1
Let r(q) = -5*q - 3*q**2 + 2 + 2*q**2 - 2*q. Give r(-6).
8
Suppose 3*h + o + o - 7 = 0, -3*h + 3*o = 18. Let f(b) = 2*b - 1. What is f(h)?
-3
Let a(i) = -7 - 3*i**2 + i**2 + 4 + i**2 + i. Calculate a(0).
-3
Let c(u) be the second derivative of -4*u - u**2 + 0 - 1/2*u**3. Give c(3).
-11
Let 